3, 43, 271
List the prime factors of 72863.
7, 1487
What are the prime factors of 22301?
29, 769
List the prime factors of 385775.
5, 13, 1187
List the prime factors of 1342787.
19, 29, 2437
What are the prime factors of 3084683?
7, 440669
What are the prime factors of 58183?
83, 701
What are the prime factors of 172886?
2, 7, 53, 233
What are the prime factors of 1877500?
2, 5, 751
What are the prime factors of 4582296?
2, 3, 31, 2053
List the prime factors of 5087730.
2, 3, 5, 169591
List the prime factors of 1044346.
2, 113, 4621
List the prime factors of 330748.
2, 11, 7517
List the prime factors of 245042.
2, 7, 23, 761
List the prime factors of 8752469.
11, 795679
What are the prime factors of 9687687?
3, 47, 127, 541
List the prime factors of 2966874.
2, 3, 17, 29, 59
List the prime factors of 27630166.
2, 43, 101, 3181
What are the prime factors of 338098?
2, 169049
What are the prime factors of 552007?
17, 19, 1709
List the prime factors of 1447474.
2, 7, 103391
What are the prime factors of 2551334?
2, 1275667
What are the prime factors of 16406339?
101, 162439
List the prime factors of 48407.
48407
List the prime factors of 56246.
2, 28123
What are the prime factors of 10591504?
2, 7, 11, 8597
List the prime factors of 32024.
2, 4003
List the prime factors of 2439678.
2, 3, 79, 5147
What are the prime factors of 397188?
2, 3, 11, 17, 59
List the prime factors of 9739761.
3, 19, 170873
List the prime factors of 9051085.
5, 1810217
What are the prime factors of 314674?
2, 43, 3659
What are the prime factors of 427492?
2, 13, 8221
What are the prime factors of 541680?
2, 3, 5, 37, 61
What are the prime factors of 3999307?
13, 307639
What are the prime factors of 708896?
2, 22153
What are the prime factors of 8632208?
2, 13, 47, 883
What are the prime factors of 954071?
29, 167, 197
What are the prime factors of 1365671?
23, 59377
List the prime factors of 20423735.
5, 59, 69233
What are the prime factors of 479946?
2, 3, 41, 1951
What are the prime factors of 16507058?
2, 47, 67, 2621
What are the prime factors of 2054862?
2, 3, 38053
What are the prime factors of 11353467?
3, 17, 23, 9679
List the prime factors of 116853.
3, 11, 3541
What are the prime factors of 708438?
2, 3, 71, 1663
List the prime factors of 1031826.
2, 3, 23, 7477
List the prime factors of 4656313.
61, 76333
List the prime factors of 270142.
2, 19, 7109
What are the prime factors of 347253?
3, 115751
What are the prime factors of 401949?
3, 14887
What are the prime factors of 715327?
41, 73, 239
What are the prime factors of 14061028?
2, 3515257
What are the prime factors of 4899387?
3, 1633129
What are the prime factors of 97953?
3, 103, 317
What are the prime factors of 7885270?
2, 5, 788527
List the prime factors of 813208.
2, 11, 9241
What are the prime factors of 1449320?
2, 5, 19, 1907
List the prime factors of 22029681.
3, 7343227
List the prime factors of 2517034.
2, 13, 131, 739
What are the prime factors of 557249?
7, 11, 7237
List the prime factors of 7822594.
2, 13, 300869
What are the prime factors of 19962972?
2, 3, 554527
What are the prime factors of 491078?
2, 7, 5011
What are the prime factors of 3900338?
2, 13, 67, 2239
List the prime factors of 26208428.
2, 1553, 4219
List the prime factors of 2951674.
2, 11, 12197
What are the prime factors of 181698?
2, 3, 11, 2753
What are the prime factors of 531388?
2, 11, 13, 929
What are the prime factors of 994406?
2, 7, 73, 139
List the prime factors of 12600.
2, 3, 5, 7
List the prime factors of 123724.
2, 30931
List the prime factors of 451987.
451987
What are the prime factors of 139529?
13, 10733
What are the prime factors of 117282?
2, 3, 11, 1777
What are the prime factors of 341467?
7, 48781
What are the prime factors of 523952?
2, 11, 13, 229
List the prime factors of 17871402.
2, 3, 43, 113, 613
List the prime factors of 359318.
2, 179659
What are the prime factors of 10316706?
2, 3, 1719451
What are the prime factors of 11503289?
7, 23, 59, 173
List the prime factors of 79862.
2, 73, 547
List the prime factors of 677899.
79, 8581
List the prime factors of 5491478.
2, 89, 30851
What are the prime factors of 103831?
7, 13, 163
List the prime factors of 229758.
2, 3, 149, 257
List the prime factors of 2148434.
2, 137, 7841
What are the prime factors of 3832653?
3, 11, 116141
List the prime factors of 1018291.
1018291
List the prime factors of 9503988.
2, 3, 13, 60923
List the prime factors of 685353.
3, 228451
What are the prime factors of 2024789?
13, 11981
List the prime factors of 469205.
5, 11, 19, 449
What are the prime factors of 1405281?
3, 281, 1667
What are the prime factors of 239875?
5, 19, 101
List the prime factors of 34250171.
4133, 8287
List the prime factors of 253940.
2, 5, 12697
List the prime factors of 2541524.
2, 127, 5003
List the prime factors of 2183322.
2, 3, 363887
List the prime factors of 513549.
3, 43, 1327
What are the prime factors of 258833?
41, 59, 107
List the prime factors of 1558463.
31, 50273
List the prime factors of 187100.
2, 5, 1871
What are the prime factors of 2251846?
2, 1125923
What are the prime factors of 299376?
2, 3, 7, 11
What are the prime factors of 23945161?
1487, 16103
List the prime factors of 648363.
3, 17, 12713
List the prime factors of 6185647.
13, 31, 15349
What are the prime factors of 22260981?
3, 397, 18691
What are the prime factors of 22414493?
131, 171103
What are the prime factors of 246494?
2, 37, 3331
What are the prime factors of 1575763?
7, 225109
List the prime factors of 6648106.
2, 3324053
What are the prime factors of 4065883?
197, 20639
List the prime factors of 155336.
2, 19417
What are the prime factors of 533312?
2, 13, 641
List the prime factors of 1897734.
2, 3, 211, 1499
List the prime factors of 167228.
2, 97, 431
List the prime factors of 684240.
2, 3, 5, 2851
List the prime factors of 5663.
7, 809
List the prime factors of 230027.
7, 17, 1933
What are the prime factors of 584910?
2, 3, 5, 67, 97
List the prime factors of 136326.
2, 3, 22721
What are the prime factors of 10886249?
11, 8179
What are the prime factors of 133353?
3, 11, 449
What are the prime factors of 199822?
2, 7, 2039
What are the prime factors of 303115?
5, 60623
List the prime factors of 136745.
5, 7, 3907
List the prime factors of 2144060.
2, 5, 23, 59, 79
List the prime factors of 1041375.
3, 5, 2777
List the prime factors of 12224135.
5, 7, 11, 31751
List the prime factors of 218590.
2, 5, 21859
List the prime factors of 1788211.
1788211
List the prime factors of 459696.
2, 3, 61, 157
What are the prime factors of 1369823?
7, 13, 15053
What are the prime factors of 13665128?
2, 23, 3229
List the prime factors of 4275378.
2, 3, 23, 449
List the prime factors of 268916.
2, 23, 37, 79
List the prime factors of 7202094.
2, 3, 1200349
What are the prime factors of 8263177?
13, 53, 67, 179
List the prime factors of 215799.
3, 71933
List the prime factors of 486964.
2, 53, 2297
List the prime factors of 1024391.
1024391
What are the prime factors of 326134?
2, 29, 5623
What are the prime factors of 4708845?
3, 5, 269, 389
List the prime factors of 197652.
2, 3, 7, 13, 181
List the prime factors of 1030287.
3, 47, 7307
List the prime factors of 123067.
7, 17581
List the prime factors of 1878300.
2, 3, 5, 2087
List the prime factors of 1244147.
883, 1409
What are the prime factors of 3429860?
2, 5, 7, 24499
List the prime factors of 711605.
5, 31, 4591
List the prime factors of 88668.
2, 3, 821
List the prime factors of 428535.
3, 5, 89, 107
List the prime factors of 11608604.
2, 7, 59, 7027
What are the prime factors of 728578?
2, 364289
What are the prime factors of 11331205?
5, 617, 3673
List the prime factors of 21317084.
2, 5329271
List the prime factors of 7363312.
2, 11, 17, 23, 107
What are the prime factors of 35124?
2, 3, 2927
List the prime factors of 426883.
157, 2719
List the prime factors of 121264.
2, 11, 13, 53
List the prime factors of 351064.
2, 7, 6269
What are the prime factors of 2818457?
73, 38609
List the prime factors of 18197629.
18197629
What are the prime factors of 24028?
2, 6007
List the prime factors of 5546965.
5, 1109393
What are the prime factors of 21851001?
3, 17, 31, 271
List the prime factors of 423048.
2, 3